 294934.
2, 31, 67, 71
What are the prime factors of 36354871?
7, 5193553
What are the prime factors of 12045?
3, 5, 11, 73
List the prime factors of 132412.
2, 7, 4729
List the prime factors of 4659985.
5, 11, 193, 439
List the prime factors of 3196305.
3, 5, 7, 73, 139
What are the prime factors of 748207?
748207
What are the prime factors of 12139?
61, 199
List the prime factors of 4799553.
3, 11, 145441
What are the prime factors of 9788693?
9788693
List the prime factors of 3666814.
2, 1283, 1429
What are the prime factors of 16388985?
3, 5, 479, 2281
What are the prime factors of 12487223?
7, 1783889
List the prime factors of 2055571.
7, 103, 2851
List the prime factors of 109636.
2, 27409
List the prime factors of 556723.
556723
What are the prime factors of 218422?
2, 109211
What are the prime factors of 245902?
2, 37, 3323
List the prime factors of 1535706.
2, 3, 28439
List the prime factors of 22012941.
3, 41, 191, 937
What are the prime factors of 173470?
2, 5, 11, 19, 83
What are the prime factors of 2906464?
2, 11, 23, 359
List the prime factors of 2072481.
3, 37, 18671
List the prime factors of 414625.
5, 31, 107
What are the prime factors of 256482?
2, 3, 14249
What are the prime factors of 235904?
2, 19, 97
What are the prime factors of 3741226?
2, 23, 81331
List the prime factors of 2448220.
2, 5, 167, 733
What are the prime factors of 553508?
2, 19, 7283
List the prime factors of 8798152.
2, 11, 61, 149
What are the prime factors of 29800742?
2, 14900371
What are the prime factors of 90412?
2, 7, 3229
What are the prime factors of 6330231?
3, 31, 2521
List the prime factors of 9110287.
9110287
What are the prime factors of 744891?
3, 7, 79, 449
List the prime factors of 3348244.
2, 107, 7823
List the prime factors of 232855.
5, 7, 6653
What are the prime factors of 33329629?
19, 293, 5987
List the prime factors of 62944.
2, 7, 281
What are the prime factors of 791381?
29, 941
What are the prime factors of 4628016?
2, 3, 3571
What are the prime factors of 54487?
23, 103
List the prime factors of 299005.
5, 7, 8543
What are the prime factors of 223366?
2, 11, 13, 71
List the prime factors of 521936.
2, 32621
What are the prime factors of 3782696?
2, 472837
What are the prime factors of 2702757?
3, 71, 12689
What are the prime factors of 320962?
2, 160481
List the prime factors of 22837097.
1759, 12983
What are the prime factors of 1491152?
2, 13, 67, 107
What are the prime factors of 130401?
3, 14489
List the prime factors of 2724663.
3, 908221
List the prime factors of 136510.
2, 5, 11, 17, 73
List the prime factors of 4262565.
3, 5, 29, 41, 239
What are the prime factors of 4640052?
2, 3, 41, 9431
List the prime factors of 287503.
287503
What are the prime factors of 232035?
3, 5, 31, 499
What are the prime factors of 865274?
2, 432637
What are the prime factors of 76985?
5, 89, 173
What are the prime factors of 101800?
2, 5, 509
What are the prime factors of 6999792?
2, 3, 145829
What are the prime factors of 4411598?
2, 2205799
What are the prime factors of 5818126?
2, 23, 126481
List the prime factors of 5768671.
5768671
What are the prime factors of 1658876?
2, 229, 1811
List the prime factors of 398997.
3, 43, 1031
What are the prime factors of 1240829?
59, 21031
List the prime factors of 569715.
3, 5, 19, 1999
List the prime factors of 6999374.
2, 157, 22291
What are the prime factors of 17581015?
5, 233, 15091
What are the prime factors of 364526?
2, 97, 1879
What are the prime factors of 2639263?
11, 239933
List the prime factors of 5868606.
2, 3, 19, 51479
What are the prime factors of 8936837?
7, 13, 98207
What are the prime factors of 1431821?
19, 179, 421
What are the prime factors of 2813792?
2, 87931
List the prime factors of 1802449.
11, 163859
What are the prime factors of 6697556?
2, 61, 27449
List the prime factors of 2016023.
31, 65033
What are the prime factors of 84636?
2, 3, 2351
What are the prime factors of 969828?
2, 3, 80819
List the prime factors of 4226233.
11, 384203
What are the prime factors of 9309131?
13, 716087
List the prime factors of 772232.
2, 83, 1163
What are the prime factors of 693175?
5, 7, 17, 233
List the prime factors of 675965.
5, 135193
What are the prime factors of 5934644?
2, 23, 251, 257
List the prime factors of 788054.
2, 67, 5881
List the prime factors of 2863810.
2, 5, 286381
List the prime factors of 135589.
135589
List the prime factors of 16747548.
2, 3, 1395629
List the prime factors of 4290228.
2, 3, 119173
What are the prime factors of 11904590?
2, 5, 17, 239, 293
List the prime factors of 472972.
2, 23, 53, 97
List the prime factors of 9242500.
2, 5, 3697
List the prime factors of 747615.
3, 5, 11, 23, 197
List the prime factors of 1128790.
2, 5, 13, 19, 457
List the prime factors of 757868.
2, 189467
What are the prime factors of 15199185?
3, 5, 1013279
List the prime factors of 9018597.
3, 7, 19, 3229
What are the prime factors of 361524?
2, 3, 47, 641
What are the prime factors of 3671619?
3, 7, 24977
What are the prime factors of 62706?
2, 3, 7, 1493
List the prime factors of 4660758.
2, 3, 73, 3547
List the prime factors of 550822.
2, 193, 1427
What are the prime factors of 4380762?
2, 3, 683, 1069
List the prime factors of 19966109.
17, 1174477
List the prime factors of 958849.
958849
What are the prime factors of 180851?
11, 41, 401
List the prime factors of 47550.
2, 3, 5, 317
What are the prime factors of 1081821?
3, 13, 27739
List the prime factors of 85393.
7, 11, 1109
What are the prime factors of 177610?
2, 5, 17761
List the prime factors of 998274.
2, 3, 17, 9787
What are the prime factors of 2089602?
2, 3, 116089
What are the prime factors of 177532?
2, 44383
List the prime factors of 81344.
2, 31, 41
What are the prime factors of 424404?
2, 3, 11789
List the prime factors of 414259.
414259
What are the prime factors of 1151421?
3, 383807
List the prime factors of 1134757.
13, 41, 2129
List the prime factors of 30826.
2, 15413
What are the prime factors of 903578?
2, 13, 23, 1511
List the prime factors of 22481.
22481
List the prime factors of 20646.
2, 3, 31, 37
What are the prime factors of 173491?
173491
List the prime factors of 948214.
2, 19, 24953
What are the prime factors of 220426?
2, 307, 359
What are the prime factors of 6259162?
2, 7, 13, 17
List the prime factors of 135297.
3, 5011
List the prime factors of 167094.
2, 3, 9283
What are the prime factors of 47291?
19, 131
What are the prime factors of 162734?
2, 11, 13, 569
What are the prime factors of 15881?
15881
What are the prime factors of 9622749?
3, 3207583
What are the prime factors of 1938821?
1938821
What are the prime factors of 479063?
13, 43, 857
What are the prime factors of 6116?
2, 11, 139
What are the prime factors of 309918?
2, 3, 7, 47, 157
List the prime factors of 1007462.
2, 353, 1427
What are the prime factors of 155552?
2, 4861
List the prime factors of 1028347.
17, 241, 251
List the prime factors of 8322861.
3, 2774287
What are the prime factors of 3640287?
3, 7, 173347
What are the prime factors of 47771?
23, 31, 67
What are the prime factors of 63414?
2, 3, 13, 271
What are the prime factors of 683654?
2, 341827
What are the prime factors of 16794429?
3, 1021, 5483
List the prime factors of 470252.
2, 117563
List the prime factors of 1737237.
3, 579079
List the prime factors of 1680827.
43, 39089
List the prime factors of 834371.
23, 36277
What are the prime factors of 417504?
2, 3, 4349
What are the prime factors of 2136530?
2, 5, 11, 19423
What are the prime factors of 1054810?
2, 5, 313, 337
What are the prime factors of 657474?
2, 3, 109579
List the prime factors of 225467.
11, 103, 199
What are the prime factors of 1476816?
2, 3, 11, 2797
What are the prime factors of 117907?
157, 751
List the prime factors of 2499998.
2, 1249999
List the prime factors of 207866.
2, 37, 53
What are the prime factors of 1152332?
2, 31, 9293
List the prime factors of 1654236.
2, 3, 17, 53
List the prime factors of 67099.
17, 3947
What are the prime factors of 879780?
2, 3, 5, 11, 31, 43
List the prime factors of 9715207.
313, 31039
What are the prime factors of 23988410?
2, 5, 43, 55787
What are the prime factors of 286470?
2, 3, 5, 1061
List the prime factors of 3252991